- 120 = 0, -5*v + 150 = -5*d. Calculate the greatest common divisor of 80 and v.
10
Let n = -29 - 11. Let y be 1/(35/n + 1). What is the greatest common divisor of y and 64?
8
Let b be ((-275)/(-4) - -2)*(-11 - -15). Suppose -b = -11*o - 107. What is the highest common factor of 2 and o?
2
Let y(p) = -57*p + 3. Let t be y(-4). Let i be -1*(163 - 4)/(-3). Let s = i - 32. Calculate the greatest common divisor of t and s.
21
Let h(r) = r**3 - r**2 + 12. Let f be h(0). Let g be 24 + ((-12)/7)/((-2)/(-7)). Calculate the highest common factor of f and g.
6
Let n(k) = -8*k - 20. Let q be n(5). Let v be (q/14)/((-3)/21). What is the greatest common factor of v and 20?
10
Let o(w) = -w**3 + 3*w**2 + 4*w + 4. Let l be o(-2). Calculate the highest common divisor of 1840 and l.
16
Let b(a) = -a**3 + 7*a**2 - 4*a - 8. Let j be b(6). Let q = 7 - j. Suppose 0 = 2*i + q*i - 45. What is the highest common factor of i and 99?
9
Let i(z) = 2*z - 10. Suppose 0 = 4*f - 5 - 15. Suppose f*u = l, 5*u - 26 = -2*l + 4. Let g be i(l). Calculate the highest common divisor of g and 80.
10
Suppose 0*m = -2*m + 6. Suppose 0*d + 27 = m*d. Let u be (3 + -2)/((-2)/(-18)). What is the highest common divisor of d and u?
9
Let i be 4764/20*1 - 78/65. What is the greatest common factor of 316 and i?
79
Let g be (10/(-15))/(3 - (-3057)/(-1017)). Suppose -2*j = -b + 8 + g, -583 = -5*b - j. What is the greatest common divisor of 13 and b?
13
Let m(k) = 12*k + 576. Let g be m(-21). What is the highest common factor of 72 and g?
36
Let h be 14/(-63) - (-94)/18. Suppose -73 = 2*n + 3*n - 2*r, -2*r - 57 = h*n. Let l be 0 - (n + (2 - -1)). What is the greatest common factor of l and 10?
10
Let b = 364 - -272. Calculate the greatest common divisor of b and 12.
12
Suppose c + 195 = 5*a - 0*a, -3*a + 2*c = -110. Suppose a = -5*j + 110. Let z = -868 - -938. Calculate the greatest common factor of j and z.
14
Let s be (-173 - -3)*(1 + (-35)/10). Calculate the highest common factor of s and 17.
17
Let k be ((-1008)/6)/(-1) - 4/(-2). What is the greatest common divisor of 20 and k?
10
Suppose 32*a + 909 - 4493 = 0. What is the greatest common factor of a and 28?
28
Let q(i) = 37*i + 179. Let c be q(35). What is the highest common factor of c and 66?
22
Let k = 3753 - 2635. What is the greatest common divisor of 26 and k?
26
Suppose t - u = -1, 6*t - 2*u = t - 2. Suppose -3*y = -t*b - b - 13, 2 = 2*y - 2*b. Let i be 1*20 + (y - 10). What is the highest common factor of 16 and i?
16
Let c = -4 - -5. Let q be c*-10*2/(-2). Let x = 80 + -60. What is the greatest common factor of q and x?
10
Let w(o) = -o**3 - 10*o**2 + 4*o - 23. Let t = -35 - -24. Let m be w(t). Suppose 2*z - 12 - 24 = 0. Calculate the greatest common factor of m and z.
18
Suppose 5*v - 825 = -0*v. Let c(m) = -66*m - 183. Let f be c(-3). What is the highest common factor of f and v?
15
Suppose -9 = -6*b + 45. Let x be 172/6*(-18)/(-4). Let d = 201 - x. What is the greatest common factor of d and b?
9
Suppose -1542 - 218 = -8*r. Calculate the greatest common factor of 495 and r.
55
Let g(w) = -w**3 + 22*w**2 + 24*w - 20. Let o be g(23). Let y(z) = 2*z**2 - 9*z + 22. Let v be y(o). What is the greatest common factor of 91 and v?
13
Let w = 559 - 496. What is the greatest common divisor of 18 and w?
9
Let i be 11/4 + (-3)/(-12). Suppose 4*y - 368 = -i*n - n, 0 = 5*y + 3*n - 456. Calculate the greatest common divisor of 36 and y.
18
Let g = 768 + -732. What is the greatest common divisor of 24 and g?
12
Let k(u) = -19*u. Let p be k(-5). Suppose -p = -5*t + 40. Calculate the highest common divisor of t and 9.
9
Let h(x) be the second derivative of -x**4/12 - 2*x**3/3 + 43*x**2/2 + 19*x. Let v be h(-8). What is the highest common factor of v and 11?
11
Let w = 179 + -170. What is the greatest common factor of w and 729?
9
Suppose 0 = -t + 2*p + 18, 0 = t - 3*p - 11 - 4. Suppose -59*b + 57*b = -12. What is the greatest common factor of t and b?
6
Let q be (-2)/8 + (-21)/(-4). Let z be 1/3*-18 - -31. What is the highest common divisor of z and q?
5
Suppose 0 = b, -3*h = 3*b - 7*b - 1104. Let t = h - 247. Suppose -9 = s - t. Calculate the greatest common factor of 14 and s.
14
Let a be 48/5 + ((-24)/30)/(-2). Calculate the highest common factor of 250 and a.
10
Suppose 5*q - 1 = 14. Calculate the highest common divisor of 27 and q.
3
Suppose 4*u = 2*g - 26, 2*g - 3*g - 5*u + 6 = 0. Let o = 25 - 14. What is the greatest common divisor of o and g?
11
Let y be (-6)/14 - (-118)/14. Suppose 0 = -3*f + 2*f - y. Let q = f - -13. What is the highest common divisor of 2 and q?
1
Suppose -36 = 6*z - 0. Let q(w) be the second derivative of -w**4/12 - w**3 + 7*w**2 + 3*w. Let g be q(z). What is the highest common factor of 14 and g?
14
Suppose 26 = 4*f + 5*u, 7*u = 4*f + 3*u - 8. Let y be ((-12)/(-20))/((-2 + f)/90). What is the highest common divisor of 108 and y?
27
Suppose -5*d = -54*d + 245. Let u(x) = -26*x**3 - x**2 + 1. Let i be u(-1). Suppose 0 = -h + i + 29. What is the highest common divisor of d and h?
5
Let i be 7/7 + (-1 - -35). What is the greatest common factor of i and 91?
7
Suppose -4623*n = -4616*n - 238. Calculate the highest common factor of n and 1394.
34
Suppose -3*u + k = -3*k - 24, -4*k = -12. Let z(j) = j**3 + 15*j**2 - 4*j - 30. Let v be z(-15). What is the highest common factor of v and u?
6
Suppose -3*d - 5*f = -9*f - 439, 141 = d + 4*f. Let h = d - 134. Calculate the highest common divisor of 99 and h.
11
Suppose 47*l - 2419 - 119 = 0. What is the highest common divisor of l and 90?
18
Suppose -v + 0*v + 83 = 3*w, 10 = 5*v. Calculate the highest common divisor of w and 135.
27
Let q be ((-6)/(-9))/((-1)/(-12)). Let l = 56 + -26. Suppose -5*d + 10 = -l. What is the greatest common divisor of q and d?
8
Let j(x) be the first derivative of -x**3/3 + 25*x**2/2 + 22*x - 5. Let n be j(11). What is the highest common divisor of 22 and n?
22
Let m = -403 + 664. What is the greatest common factor of 29 and m?
29
Let u be ((-364)/(-8))/(3/42). Calculate the greatest common divisor of u and 13.
13
Let n be 6 - 0 - 15/5. Suppose -n*w + 15 = 0, -6*w + w = -2*z - 73. Let d be (z/42)/((-4)/14). Calculate the highest common factor of 10 and d.
2
Suppose 0 = -3*h - 3*f + 4*f + 20, -4*h + 10 = 2*f. Suppose -3 = -h*v + 2. Let z be (-11 + 40)*(v + 1). What is the greatest common divisor of z and 29?
29
Let w(p) = p**2 + p - 8. Let n be w(4). Let x = n - 14. Let z be x*(34/(-4) + -3). What is the greatest common factor of z and 161?
23
Suppose 0 = q - 5 + 1. Let g(j) = j**2 - 2*j - 5. Let t be g(4). Suppose -5*b - 125 = -5*o, -b = -2*o + t*b + 44. What is the highest common factor of o and q?
4
Let x be 4 - (-4 - 8/4). Let n be 12/8 - (-365)/x. Let a = n - 34. Calculate the greatest common divisor of a and 40.
4
Let v be -24*(0 + 4 + (-9)/2). Calculate the greatest common divisor of 12 and v.
12
Let h be (-20)/(-6) + (-2)/6. Suppose -z - h = -29. Calculate the highest common factor of 13 and z.
13
Suppose 2*a = -4*x + 16, -4*x = -4*a + 57 - 13. Calculate the greatest common factor of a and 10.
10
Let k be (70/75*6)/(6/195). Suppose u + 4*r + 146 = 6*u, -5*r + 32 = 2*u. Calculate the highest common divisor of u and k.
26
Let c = -34 + 59. Let u = 196 + -133. Let x = -38 + u. What is the highest common factor of c and x?
25
Let q = -297 + 316. Calculate the greatest common divisor of q and 684.
19
Let u = 104 + -50. What is the greatest common factor of u and 135?
27
Suppose 0 = -6*a + 557 + 1225. What is the greatest common divisor of a and 27?
27
Let u be (4/(-5))/(4/20). Let k be (-54)/u + 12/8. Suppose -5 = -3*s - 3*z + 31, 3*s - 54 = 3*z. What is the highest common divisor of s and k?
15
Let u = -9 - -31. Suppose 2*b - 4*i = -3*b + 209, -2*b = 2*i - 98. Let x be 1*((-11)/(-1))/(15/b). What is the highest common factor of x and u?
11
Let z(x) = x**3 + 3*x**2 - x + 3. Suppose -5*g - 3 - 4 = w, 4*g = 2*w - 14. Let f be z(w). Suppose 7*o = 9*o - f. What is the highest common factor of o and 9?
9
Suppose 9*b = 6*b + 24. Let k be (6/5)/(b/80). Calculate the highest common factor of 3 and k.
3
Let i = 14508 - 14481. Let u be ((-18)/(-4))/((-6)/(-8)). What is the highest common divisor of i and u?
3
Let s(j) = -j**2 + j + 17. Let q be s(-7). Let